{"id":6282,"date":"2024-09-16T14:34:55","date_gmt":"2024-09-16T11:34:55","guid":{"rendered":"https:\/\/www.ccidj.ro\/site\/?page_id=6282"},"modified":"2024-11-14T18:32:07","modified_gmt":"2024-11-14T16:32:07","slug":"topul-firmelor-2024","status":"publish","type":"page","link":"http:\/\/www.ccidj.ro\/site\/topul-firmelor-2024\/","title":{"rendered":"Topul Firmelor 2024"},"content":{"rendered":"\n<figure class=\"wp-block-image size-full\"><img loading=\"lazy\" decoding=\"async\" width=\"1536\" height=\"1132\" src=\"https:\/\/www.ccidj.ro\/site\/wp-content\/uploads\/PANOU-SPIDER-10-1-1536x1132-1.jpg\" alt=\"\" class=\"wp-image-6610\" srcset=\"http:\/\/www.ccidj.ro\/site\/wp-content\/uploads\/PANOU-SPIDER-10-1-1536x1132-1.jpg 1536w, http:\/\/www.ccidj.ro\/site\/wp-content\/uploads\/PANOU-SPIDER-10-1-1536x1132-1-700x516.jpg 700w, http:\/\/www.ccidj.ro\/site\/wp-content\/uploads\/PANOU-SPIDER-10-1-1536x1132-1-768x566.jpg 768w, http:\/\/www.ccidj.ro\/site\/wp-content\/uploads\/PANOU-SPIDER-10-1-1536x1132-1-1024x755.jpg 1024w\" sizes=\"(max-width: 1536px) 100vw, 1536px\" \/><\/figure>\n\n\n\n<div style=\"height:100px\" aria-hidden=\"true\" class=\"wp-block-spacer\"><\/div>\n\n\n\n<div class=\"wp-block-columns is-layout-flex wp-container-core-columns-layout-1 wp-block-columns-is-layout-flex\">\n<div class=\"wp-block-column is-layout-flow wp-block-column-is-layout-flow\">\n<div class=\"wp-block-buttons is-layout-flex wp-block-buttons-is-layout-flex\">\n<div class=\"wp-block-button has-custom-width wp-block-button__width-75 has-custom-font-size has-medium-font-size\"><a class=\"wp-block-button__link has-white-color has-text-color has-background has-link-color wp-element-button\" href=\"https:\/\/www.ccidj.ro\/site\/topul-firmelor-2024\/participa-la-gala\/\" style=\"border-radius:6px;background-color:#253a6f\">INVITA\u021aIE<\/a><\/div>\n<\/div>\n<\/div>\n\n\n\n<div class=\"wp-block-column is-layout-flow wp-block-column-is-layout-flow\">\n<div class=\"wp-block-buttons is-content-justification-center is-layout-flex wp-container-core-buttons-layout-2 wp-block-buttons-is-layout-flex\">\n<div class=\"wp-block-button has-custom-width wp-block-button__width-75 has-custom-font-size has-medium-font-size\"><a class=\"wp-block-button__link has-background wp-element-button\" href=\"https:\/\/www.ccidj.ro\/site\/topul-firmelor-2024\/program-topul-firmelor-2024\/\" style=\"border-radius:6px;background-color:#253a6f\">PROGRAM<\/a><\/div>\n<\/div>\n<\/div>\n\n\n\n<div class=\"wp-block-column is-layout-flow wp-block-column-is-layout-flow\">\n<div class=\"wp-block-buttons is-content-justification-right is-layout-flex wp-container-core-buttons-layout-3 wp-block-buttons-is-layout-flex\">\n<div class=\"wp-block-button has-custom-width wp-block-button__width-75 has-custom-font-size has-medium-font-size\"><a class=\"wp-block-button__link has-background wp-element-button\" href=\"https:\/\/www.ccidj.ro\/site\/topul-firmelor-2024\/parteneri-topul-firmelor-2024\/\" style=\"border-radius:6px;background-color:#253a6f\">PARTENERI<\/a><\/div>\n<\/div>\n<\/div>\n<\/div>\n\n\n\n<div class=\"wp-block-buttons is-content-justification-center is-layout-flex wp-container-core-buttons-layout-4 wp-block-buttons-is-layout-flex\">\n<div class=\"wp-block-button has-custom-font-size has-medium-font-size\"><a class=\"wp-block-button__link has-background wp-element-button\" href=\"https:\/\/www.ccidj.ro\/site\/topul-firmelor-2024\/metodologie-si-anexe-2024\/\" style=\"border-radius:8px;background-color:#11396e\">METODOLOGIE SI ANEXE<\/a><\/div>\n<\/div>\n\n\n\n<h3 class=\"wp-block-heading has-text-align-center\"><strong>TOPUL NA\u021aIONAL AL FIRMELOR<\/strong><\/h3>\n\n\n\n<p class=\"has-text-align-center\"><em>barometrul performan\u021bei \u00een afaceri<\/em><\/p>\n\n\n\n<div data-wp-interactive=\"\" class=\"wp-block-file\"><object data-wp-bind--hidden=\"!selectors.core.file.hasPdfPreview\" hidden class=\"wp-block-file__embed\" data=\"https:\/\/www.ccidj.ro\/site\/wp-content\/uploads\/Camera-de-comert-si-industrie-Dolj.pdf\" type=\"application\/pdf\" style=\"width:100%;height:600px\" aria-label=\"\u00cenglobare pentru Camera-de-comert-si-industrie-Dolj.\"><\/object><a id=\"wp-block-file--media-00fb4230-c8da-400c-b6be-52e7cbef9199\" href=\"https:\/\/www.ccidj.ro\/site\/wp-content\/uploads\/Camera-de-comert-si-industrie-Dolj.pdf\">Camera-de-comert-si-industrie-Dolj<\/a><a href=\"https:\/\/www.ccidj.ro\/site\/wp-content\/uploads\/Camera-de-comert-si-industrie-Dolj.pdf\" class=\"wp-block-file__button wp-element-button\" download aria-describedby=\"wp-block-file--media-00fb4230-c8da-400c-b6be-52e7cbef9199\">Descarc\u0103<\/a><\/div>\n\n\n\n<p>Camera de Comer\u021b \u0219i Industrie Dolj realizeaz\u0103, \u00eencep\u00e2nd din 1994, Topul Firmelor din jude\u021bul Dolj, fiind singura institu\u021bie abilitat\u0103 printr-o lege organic\u0103 s\u0103 stabileasc\u0103 o astfel de ierarhie la nivelul \u00eentregii jude\u021b.<\/p>\n\n\n\n<p>Topul Firmelor din jude\u021bul Dolj este un reper pentru mediul de afaceri, un clasament al celor mai competitive firme din jude\u021bul Dolj. Ca \u00een orice alt domeniu, \u0219i \u00een sectorul economic performan\u021ba trebuie recunoscut\u0103, iar succesul recompensat! Rezultatele consemnate de Topul Firmelor reflect\u0103 nivelul de cre\u0219tere economic\u0103 din jude\u021bul nostru \u0219i totodat\u0103 oglindesc extinderea companiilor rom\u00e2ne\u0219ti pe pia\u021ba interna\u021bional\u0103.<\/p>\n\n\n\n<p>Topul Firmelor este cea mai valoroas\u0103 activitate dezvoltat\u0103 de Camerele de Comer\u0163 \u00een beneficiul mediului de afaceri rom\u00e2nesc, singurele entit\u0103\u0163i abilitate prin lege s\u0103 organizeze astfel de clasamente.<\/p>\n\n\n\n<p><br>Eveniment de referin\u0163\u0103, Topul Firmelor din jude\u021bul Dolj reu\u015fe\u015fte an de an s\u0103 promoveze excelen\u0163a \u00een afaceri \u015fi s\u0103 \u00eendrepte aten\u0163ia asupra performan\u0163elor remarcabile ale companiilor din diferite domenii de activitate.<br><br>Succesul \u00een afaceri vine doar prin enorm de mult\u0103 munc\u0103 \u015fi exact acesta este \u015fi mesajul pe care Camera de Comer\u0163 \u015fi Industrie Dolj \u00eel consolideaz\u0103 anual cu ocazia Topului Firmelor din jude\u021bul Dolj.<\/p>\n","protected":false},"excerpt":{"rendered":"<p>TOPUL NA\u021aIONAL AL FIRMELOR barometrul performan\u021bei \u00een afaceri Camera de Comer\u021b \u0219i Industrie Dolj realizeaz\u0103, \u00eencep\u00e2nd din 1994, Topul Firmelor din jude\u021bul Dolj, fiind singura institu\u021bie abilitat\u0103 printr-o lege organic\u0103 s\u0103 stabileasc\u0103 o astfel de ierarhie la nivelul \u00eentregii jude\u021b. Topul Firmelor din jude\u021bul Dolj este un reper pentru mediul de afaceri, un clasament al [&hellip;]<\/p>\n","protected":false},"author":5,"featured_media":0,"parent":0,"menu_order":0,"comment_status":"closed","ping_status":"closed","template":"templates\/template-page-full-width.php","meta":{"ngg_post_thumbnail":0,"footnotes":""},"yoast_head":"<!-- This site is optimized with the Yoast SEO plugin v21.9 - https:\/\/yoast.com\/wordpress\/plugins\/seo\/ -->\n<title>Topul Firmelor 2024 -<\/title>\n<meta name=\"robots\" content=\"index, follow, max-snippet:-1, max-image-preview:large, max-video-preview:-1\" \/>\n<link rel=\"canonical\" href=\"https:\/\/www.ccidj.ro\/site\/topul-firmelor-2024\/\" \/>\n<meta property=\"og:locale\" content=\"ro_RO\" \/>\n<meta property=\"og:type\" content=\"article\" \/>\n<meta property=\"og:title\" content=\"Topul Firmelor 2024 -\" \/>\n<meta property=\"og:description\" content=\"TOPUL NA\u021aIONAL AL FIRMELOR barometrul performan\u021bei \u00een afaceri Camera de Comer\u021b \u0219i Industrie Dolj realizeaz\u0103, \u00eencep\u00e2nd din 1994, Topul Firmelor din jude\u021bul Dolj, fiind singura institu\u021bie abilitat\u0103 printr-o lege organic\u0103 s\u0103 stabileasc\u0103 o astfel de ierarhie la nivelul \u00eentregii jude\u021b. Topul Firmelor din jude\u021bul Dolj este un reper pentru mediul de afaceri, un clasament al [&hellip;]\" \/>\n<meta property=\"og:url\" content=\"https:\/\/www.ccidj.ro\/site\/topul-firmelor-2024\/\" \/>\n<meta property=\"article:modified_time\" content=\"2024-11-14T16:32:07+00:00\" \/>\n<meta property=\"og:image\" content=\"https:\/\/www.ccidj.ro\/site\/wp-content\/uploads\/PANOU-SPIDER-10-1-1536x1132-1.jpg\" \/>\n<meta name=\"twitter:label1\" content=\"Timp estimat pentru citire\" \/>\n\t<meta name=\"twitter:data1\" content=\"2 minute\" \/>\n<script type=\"application\/ld+json\" class=\"yoast-schema-graph\">{\"@context\":\"https:\/\/schema.org\",\"@graph\":[{\"@type\":\"WebPage\",\"@id\":\"https:\/\/www.ccidj.ro\/site\/topul-firmelor-2024\/\",\"url\":\"https:\/\/www.ccidj.ro\/site\/topul-firmelor-2024\/\",\"name\":\"Topul Firmelor 2024 -\",\"isPartOf\":{\"@id\":\"https:\/\/www.ccidj.ro\/site\/#website\"},\"datePublished\":\"2024-09-16T11:34:55+00:00\",\"dateModified\":\"2024-11-14T16:32:07+00:00\",\"breadcrumb\":{\"@id\":\"https:\/\/www.ccidj.ro\/site\/topul-firmelor-2024\/#breadcrumb\"},\"inLanguage\":\"ro-RO\",\"potentialAction\":[{\"@type\":\"ReadAction\",\"target\":[\"https:\/\/www.ccidj.ro\/site\/topul-firmelor-2024\/\"]}]},{\"@type\":\"BreadcrumbList\",\"@id\":\"https:\/\/www.ccidj.ro\/site\/topul-firmelor-2024\/#breadcrumb\",\"itemListElement\":[{\"@type\":\"ListItem\",\"position\":1,\"name\":\"Home\",\"item\":\"https:\/\/www.ccidj.ro\/site\/\"},{\"@type\":\"ListItem\",\"position\":2,\"name\":\"Topul Firmelor 2024\"}]},{\"@type\":\"WebSite\",\"@id\":\"https:\/\/www.ccidj.ro\/site\/#website\",\"url\":\"https:\/\/www.ccidj.ro\/site\/\",\"name\":\"\",\"description\":\"\",\"potentialAction\":[{\"@type\":\"SearchAction\",\"target\":{\"@type\":\"EntryPoint\",\"urlTemplate\":\"https:\/\/www.ccidj.ro\/site\/?s={search_term_string}\"},\"query-input\":\"required name=search_term_string\"}],\"inLanguage\":\"ro-RO\"}]}<\/script>\n<!-- \/ Yoast SEO plugin. -->","yoast_head_json":{"title":"Topul Firmelor 2024 -","robots":{"index":"index","follow":"follow","max-snippet":"max-snippet:-1","max-image-preview":"max-image-preview:large","max-video-preview":"max-video-preview:-1"},"canonical":"https:\/\/www.ccidj.ro\/site\/topul-firmelor-2024\/","og_locale":"ro_RO","og_type":"article","og_title":"Topul Firmelor 2024 -","og_description":"TOPUL NA\u021aIONAL AL FIRMELOR barometrul performan\u021bei \u00een afaceri Camera de Comer\u021b \u0219i Industrie Dolj realizeaz\u0103, \u00eencep\u00e2nd din 1994, Topul Firmelor din jude\u021bul Dolj, fiind singura institu\u021bie abilitat\u0103 printr-o lege organic\u0103 s\u0103 stabileasc\u0103 o astfel de ierarhie la nivelul \u00eentregii jude\u021b. Topul Firmelor din jude\u021bul Dolj este un reper pentru mediul de afaceri, un clasament al [&hellip;]","og_url":"https:\/\/www.ccidj.ro\/site\/topul-firmelor-2024\/","article_modified_time":"2024-11-14T16:32:07+00:00","og_image":[{"url":"https:\/\/www.ccidj.ro\/site\/wp-content\/uploads\/PANOU-SPIDER-10-1-1536x1132-1.jpg"}],"twitter_misc":{"Timp estimat pentru citire":"2 minute"},"schema":{"@context":"https:\/\/schema.org","@graph":[{"@type":"WebPage","@id":"https:\/\/www.ccidj.ro\/site\/topul-firmelor-2024\/","url":"https:\/\/www.ccidj.ro\/site\/topul-firmelor-2024\/","name":"Topul Firmelor 2024 -","isPartOf":{"@id":"https:\/\/www.ccidj.ro\/site\/#website"},"datePublished":"2024-09-16T11:34:55+00:00","dateModified":"2024-11-14T16:32:07+00:00","breadcrumb":{"@id":"https:\/\/www.ccidj.ro\/site\/topul-firmelor-2024\/#breadcrumb"},"inLanguage":"ro-RO","potentialAction":[{"@type":"ReadAction","target":["https:\/\/www.ccidj.ro\/site\/topul-firmelor-2024\/"]}]},{"@type":"BreadcrumbList","@id":"https:\/\/www.ccidj.ro\/site\/topul-firmelor-2024\/#breadcrumb","itemListElement":[{"@type":"ListItem","position":1,"name":"Home","item":"https:\/\/www.ccidj.ro\/site\/"},{"@type":"ListItem","position":2,"name":"Topul Firmelor 2024"}]},{"@type":"WebSite","@id":"https:\/\/www.ccidj.ro\/site\/#website","url":"https:\/\/www.ccidj.ro\/site\/","name":"","description":"","potentialAction":[{"@type":"SearchAction","target":{"@type":"EntryPoint","urlTemplate":"https:\/\/www.ccidj.ro\/site\/?s={search_term_string}"},"query-input":"required name=search_term_string"}],"inLanguage":"ro-RO"}]}},"_links":{"self":[{"href":"http:\/\/www.ccidj.ro\/site\/wp-json\/wp\/v2\/pages\/6282"}],"collection":[{"href":"http:\/\/www.ccidj.ro\/site\/wp-json\/wp\/v2\/pages"}],"about":[{"href":"http:\/\/www.ccidj.ro\/site\/wp-json\/wp\/v2\/types\/page"}],"author":[{"embeddable":true,"href":"http:\/\/www.ccidj.ro\/site\/wp-json\/wp\/v2\/users\/5"}],"replies":[{"embeddable":true,"href":"http:\/\/www.ccidj.ro\/site\/wp-json\/wp\/v2\/comments?post=6282"}],"version-history":[{"count":9,"href":"http:\/\/www.ccidj.ro\/site\/wp-json\/wp\/v2\/pages\/6282\/revisions"}],"predecessor-version":[{"id":6611,"href":"http:\/\/www.ccidj.ro\/site\/wp-json\/wp\/v2\/pages\/6282\/revisions\/6611"}],"wp:attachment":[{"href":"http:\/\/www.ccidj.ro\/site\/wp-json\/wp\/v2\/media?parent=6282"}],"curies":[{"name":"wp","href":"https:\/\/api.w.org\/{rel}","templated":true}]}}