{"id":6353,"date":"2024-09-17T21:23:20","date_gmt":"2024-09-17T18:23:20","guid":{"rendered":"https:\/\/www.ccidj.ro\/site\/?page_id=6353"},"modified":"2024-09-17T21:23:20","modified_gmt":"2024-09-17T18:23:20","slug":"certificate-de-origine","status":"publish","type":"page","link":"http:\/\/www.ccidj.ro\/site\/certificate-de-origine\/","title":{"rendered":"Certificate de origine"},"content":{"rendered":"\n<p>Camera de Comer\u0163 \u015fi Industrie Dolj este abilitat\u0103, prin Legea 335\/2007 s\u0103 emit\u0103 certificate de origine.<\/p>\n\n\n\n<p>Certificatul de origine este un document utilizat \u00een comer\u0163ul interna\u0163ional care atest\u0103 faptul c\u0103 bunurile au fost produse \u00eentr-o anumit\u0103 \u0163ar\u0103.<\/p>\n\n\n\n<p>Certificatele de origine se emit at\u00e2t pentru exportul rom\u00e2nesc direct, c\u00e2t \u015fi pentru programele cu finan\u0163are extern\u0103, la nivel na\u0163ional.<\/p>\n\n\n\n<p><strong>Acte necesare ob\u0163inerii unui certificat de origine:<\/strong><\/p>\n\n\n\n<p><strong>Pentru eliberarea certificatelor de origine privind exportul rom\u00e2nesc, exportatorul rom\u00e2n depune un formular-cerere, \u00eenso\u0163it de urm\u0103toarele documente:<\/strong><\/p>\n\n\n\n<ul>\n<li>declara\u0163ia de origine;<\/li>\n\n\n\n<li>factur\u0103 extern\u0103;<\/li>\n\n\n\n<li>certificatul de \u00eenregistrare a firmei la Registrul Comer\u0163ului;<\/li>\n\n\n\n<li>acreditiv \u015fi \/ sau contract;<\/li>\n\n\n\n<li>\u00eemputernicire \/ delega\u0163ie;<\/li>\n\n\n\n<li>alte documente care s\u0103 ateste originea: certificat de origine str\u0103in, declara\u0163ie vamal\u0103, fi\u015fa tehnologic\u0103 a produsului etc.<\/li>\n<\/ul>\n\n\n\n<p><strong>Pentru eliberarea certificatelor de origine solicitate \u00een cadrul programelor cu finan\u0163are extern\u0103, solicitantul depune un formular-cerere \u00eenso\u0163it de urm\u0103toarele documente:<\/strong><\/p>\n\n\n\n<ul>\n<li>declara\u0163ia de origine;<\/li>\n\n\n\n<li>facturile aferente;<\/li>\n\n\n\n<li>certificatul de \u00eenregistrare a firmei la Registrul Comer\u0163ului;<\/li>\n\n\n\n<li>contractul de finan\u0163are (\u00eencheiat \u00eentre beneficiarul final \u015fi agen\u0163ia de finan\u0163are);<\/li>\n\n\n\n<li>\u00eemputernicire \/ delega\u0163ie;<\/li>\n\n\n\n<li>alte documente care s\u0103 ateste originea: certificat de origine str\u0103in, declara\u0163ie vamal\u0103, fi\u015fa tehnologic\u0103 a produsului etc.<\/li>\n<\/ul>\n\n\n\n<p><strong>1)&nbsp;&nbsp;Toate documentele de mai sus se depun \u00een original sau copie conform\u0103 cu originalul (dup\u0103 caz).<\/strong><\/p>\n\n\n\n<p><strong>2)&nbsp;&nbsp;&nbsp;Un certificat de origine emis de c\u0103tre CCI Dolj corespunde unei singure facturi.<\/strong><\/p>\n\n\n\n<p><strong>3)&nbsp;&nbsp;&nbsp;\u00cen situa\u0163ia \u00een care se solicit\u0103 \u00eendreptarea unor erori materiale prin \u00eenlocuirea certificatului de origine, este obligatorie depunerea exemplarului original \u015fi a copiei semnate a Certificatului de Origine ini\u0163ial;<\/strong><\/p>\n\n\n\n<p><strong>4)&nbsp;CCI Dolj \u00ee\u015fi rezerv\u0103 dreptul de a solicita orice document pe care \u00eel consider\u0103 necesar \u015fi util pentru stabilirea originii bunurilor pentru care se solicit\u0103 emiterea Certificatului de Origine.<\/strong><\/p>\n\n\n\n<p><strong>Termenul de solu\u0163ionare este de 1 zi de la depunerea cererii \u015fi a documentelor.<\/strong><\/p>\n\n\n\n<p>Legisla\u0163ie incident\u0103:<\/p>\n\n\n\n<ul>\n<li>Legea 335\/2007 modificat\u0103 \u015fi completat\u0103<\/li>\n\n\n\n<li>Reg. CEE nr. 2913\/1992 \u2013 Codul vamal comunitar<\/li>\n\n\n\n<li>Reg. CEE nr. 2454\/1993 de stabilire a unor dispozi\u0163ii de aplicare a Codului Vamal Comunitar<\/li>\n\n\n\n<li>Ghidul pentru emiterea certificatelor de origine \u2013 Eurochambres mai 2008.<\/li>\n<\/ul>\n\n\n\n<p><strong>Documente utile pentru eliberarea certificatului de origine:<\/strong><\/p>\n\n\n\n<ul>\n<li><strong>Cerere eliberare certificate de origine <\/strong><\/li>\n\n\n\n<li><strong>Model declara\u021bie de origine marf\u0103 <\/strong><\/li>\n<\/ul>\n\n\n\n<div class=\"wp-block-file\"><a id=\"wp-block-file--media-cfb2ab74-1407-4032-9f0d-09538cdfb725\" href=\"https:\/\/www.ccidj.ro\/site\/wp-content\/uploads\/cerere-eliberare-certificat-origine.docx\">cerere-eliberare-certificat-origine<\/a><a href=\"https:\/\/www.ccidj.ro\/site\/wp-content\/uploads\/cerere-eliberare-certificat-origine.docx\" class=\"wp-block-file__button wp-element-button\" download aria-describedby=\"wp-block-file--media-cfb2ab74-1407-4032-9f0d-09538cdfb725\">Descarc\u0103<\/a><\/div>\n\n\n\n<div class=\"wp-block-file\"><a id=\"wp-block-file--media-04766924-0c27-481e-8f35-4f4dffb537fc\" href=\"https:\/\/www.ccidj.ro\/site\/wp-content\/uploads\/declararie-origine-marfa.docx\">declararie-origine-marfa<\/a><a href=\"https:\/\/www.ccidj.ro\/site\/wp-content\/uploads\/declararie-origine-marfa.docx\" class=\"wp-block-file__button wp-element-button\" download aria-describedby=\"wp-block-file--media-04766924-0c27-481e-8f35-4f4dffb537fc\">Descarc\u0103<\/a><\/div>\n\n\n\n<p><strong>Tarife certificate de origine (f\u0103r\u0103 TVA): conform ghid de servicii afi\u0219at pe site<\/strong><\/p>\n\n\n\n<p>Informa\u0163ii, detalii \u015fi consultan\u0163\u0103:<\/p>\n\n\n\n<p><strong>Direc\u0163ia Juridic\u0103<\/strong><\/p>\n\n\n\n<p><strong>Mihaela \u0218erban<\/strong><br>Tel.: +40251.418.876<br>&nbsp;E-mail:&nbsp;<a href=\"mailto:mihaela.serban@ccidj.ro\">mihaela.serban@ccidj.ro<\/a>, office@ccidj.ro<\/p>\n\n\n\n<p>Adresa: Camera de Comer\u0163 \u015fi Industrie Dolj, Craiova, str. Simion B\u0103rnu\u021biu nr. 4, jud. Dolj<\/p>\n","protected":false},"excerpt":{"rendered":"<p>Camera de Comer\u0163 \u015fi Industrie Dolj este abilitat\u0103, prin Legea 335\/2007 s\u0103 emit\u0103 certificate de origine. Certificatul de origine este un document utilizat \u00een comer\u0163ul interna\u0163ional care atest\u0103 faptul c\u0103 bunurile au fost produse \u00eentr-o anumit\u0103 \u0163ar\u0103. Certificatele de origine se emit at\u00e2t pentru exportul rom\u00e2nesc direct, c\u00e2t \u015fi pentru programele cu finan\u0163are extern\u0103, la [&hellip;]<\/p>\n","protected":false},"author":5,"featured_media":0,"parent":0,"menu_order":0,"comment_status":"closed","ping_status":"closed","template":"","meta":{"ngg_post_thumbnail":0,"footnotes":""},"yoast_head":"<!-- This site is optimized with the Yoast SEO plugin v21.9 - https:\/\/yoast.com\/wordpress\/plugins\/seo\/ -->\n<title>Certificate de origine -<\/title>\n<meta name=\"robots\" content=\"index, follow, max-snippet:-1, max-image-preview:large, max-video-preview:-1\" \/>\n<link rel=\"canonical\" href=\"http:\/\/www.ccidj.ro\/site\/certificate-de-origine\/\" \/>\n<meta property=\"og:locale\" content=\"ro_RO\" \/>\n<meta property=\"og:type\" content=\"article\" \/>\n<meta property=\"og:title\" content=\"Certificate de origine -\" \/>\n<meta property=\"og:description\" content=\"Camera de Comer\u0163 \u015fi Industrie Dolj este abilitat\u0103, prin Legea 335\/2007 s\u0103 emit\u0103 certificate de origine. Certificatul de origine este un document utilizat \u00een comer\u0163ul interna\u0163ional care atest\u0103 faptul c\u0103 bunurile au fost produse \u00eentr-o anumit\u0103 \u0163ar\u0103. Certificatele de origine se emit at\u00e2t pentru exportul rom\u00e2nesc direct, c\u00e2t \u015fi pentru programele cu finan\u0163are extern\u0103, la [&hellip;]\" \/>\n<meta property=\"og:url\" content=\"http:\/\/www.ccidj.ro\/site\/certificate-de-origine\/\" \/>\n<meta name=\"twitter:label1\" content=\"Timp estimat pentru citire\" \/>\n\t<meta name=\"twitter:data1\" content=\"3 minute\" \/>\n<script type=\"application\/ld+json\" class=\"yoast-schema-graph\">{\"@context\":\"https:\/\/schema.org\",\"@graph\":[{\"@type\":\"WebPage\",\"@id\":\"http:\/\/www.ccidj.ro\/site\/certificate-de-origine\/\",\"url\":\"http:\/\/www.ccidj.ro\/site\/certificate-de-origine\/\",\"name\":\"Certificate de origine -\",\"isPartOf\":{\"@id\":\"https:\/\/www.ccidj.ro\/site\/#website\"},\"datePublished\":\"2024-09-17T18:23:20+00:00\",\"dateModified\":\"2024-09-17T18:23:20+00:00\",\"breadcrumb\":{\"@id\":\"http:\/\/www.ccidj.ro\/site\/certificate-de-origine\/#breadcrumb\"},\"inLanguage\":\"ro-RO\",\"potentialAction\":[{\"@type\":\"ReadAction\",\"target\":[\"http:\/\/www.ccidj.ro\/site\/certificate-de-origine\/\"]}]},{\"@type\":\"BreadcrumbList\",\"@id\":\"http:\/\/www.ccidj.ro\/site\/certificate-de-origine\/#breadcrumb\",\"itemListElement\":[{\"@type\":\"ListItem\",\"position\":1,\"name\":\"Home\",\"item\":\"https:\/\/www.ccidj.ro\/site\/\"},{\"@type\":\"ListItem\",\"position\":2,\"name\":\"Certificate de origine\"}]},{\"@type\":\"WebSite\",\"@id\":\"https:\/\/www.ccidj.ro\/site\/#website\",\"url\":\"https:\/\/www.ccidj.ro\/site\/\",\"name\":\"\",\"description\":\"\",\"potentialAction\":[{\"@type\":\"SearchAction\",\"target\":{\"@type\":\"EntryPoint\",\"urlTemplate\":\"https:\/\/www.ccidj.ro\/site\/?s={search_term_string}\"},\"query-input\":\"required name=search_term_string\"}],\"inLanguage\":\"ro-RO\"}]}<\/script>\n<!-- \/ Yoast SEO plugin. -->","yoast_head_json":{"title":"Certificate de origine -","robots":{"index":"index","follow":"follow","max-snippet":"max-snippet:-1","max-image-preview":"max-image-preview:large","max-video-preview":"max-video-preview:-1"},"canonical":"http:\/\/www.ccidj.ro\/site\/certificate-de-origine\/","og_locale":"ro_RO","og_type":"article","og_title":"Certificate de origine -","og_description":"Camera de Comer\u0163 \u015fi Industrie Dolj este abilitat\u0103, prin Legea 335\/2007 s\u0103 emit\u0103 certificate de origine. Certificatul de origine este un document utilizat \u00een comer\u0163ul interna\u0163ional care atest\u0103 faptul c\u0103 bunurile au fost produse \u00eentr-o anumit\u0103 \u0163ar\u0103. Certificatele de origine se emit at\u00e2t pentru exportul rom\u00e2nesc direct, c\u00e2t \u015fi pentru programele cu finan\u0163are extern\u0103, la [&hellip;]","og_url":"http:\/\/www.ccidj.ro\/site\/certificate-de-origine\/","twitter_misc":{"Timp estimat pentru citire":"3 minute"},"schema":{"@context":"https:\/\/schema.org","@graph":[{"@type":"WebPage","@id":"http:\/\/www.ccidj.ro\/site\/certificate-de-origine\/","url":"http:\/\/www.ccidj.ro\/site\/certificate-de-origine\/","name":"Certificate de origine -","isPartOf":{"@id":"https:\/\/www.ccidj.ro\/site\/#website"},"datePublished":"2024-09-17T18:23:20+00:00","dateModified":"2024-09-17T18:23:20+00:00","breadcrumb":{"@id":"http:\/\/www.ccidj.ro\/site\/certificate-de-origine\/#breadcrumb"},"inLanguage":"ro-RO","potentialAction":[{"@type":"ReadAction","target":["http:\/\/www.ccidj.ro\/site\/certificate-de-origine\/"]}]},{"@type":"BreadcrumbList","@id":"http:\/\/www.ccidj.ro\/site\/certificate-de-origine\/#breadcrumb","itemListElement":[{"@type":"ListItem","position":1,"name":"Home","item":"https:\/\/www.ccidj.ro\/site\/"},{"@type":"ListItem","position":2,"name":"Certificate de origine"}]},{"@type":"WebSite","@id":"https:\/\/www.ccidj.ro\/site\/#website","url":"https:\/\/www.ccidj.ro\/site\/","name":"","description":"","potentialAction":[{"@type":"SearchAction","target":{"@type":"EntryPoint","urlTemplate":"https:\/\/www.ccidj.ro\/site\/?s={search_term_string}"},"query-input":"required name=search_term_string"}],"inLanguage":"ro-RO"}]}},"_links":{"self":[{"href":"http:\/\/www.ccidj.ro\/site\/wp-json\/wp\/v2\/pages\/6353"}],"collection":[{"href":"http:\/\/www.ccidj.ro\/site\/wp-json\/wp\/v2\/pages"}],"about":[{"href":"http:\/\/www.ccidj.ro\/site\/wp-json\/wp\/v2\/types\/page"}],"author":[{"embeddable":true,"href":"http:\/\/www.ccidj.ro\/site\/wp-json\/wp\/v2\/users\/5"}],"replies":[{"embeddable":true,"href":"http:\/\/www.ccidj.ro\/site\/wp-json\/wp\/v2\/comments?post=6353"}],"version-history":[{"count":1,"href":"http:\/\/www.ccidj.ro\/site\/wp-json\/wp\/v2\/pages\/6353\/revisions"}],"predecessor-version":[{"id":6359,"href":"http:\/\/www.ccidj.ro\/site\/wp-json\/wp\/v2\/pages\/6353\/revisions\/6359"}],"wp:attachment":[{"href":"http:\/\/www.ccidj.ro\/site\/wp-json\/wp\/v2\/media?parent=6353"}],"curies":[{"name":"wp","href":"https:\/\/api.w.org\/{rel}","templated":true}]}}